nits digit of l?
7
Suppose -4*s + 25 - 1 = 0. Let f be (1/2)/((21/264)/7). What is the units digit of 10/(-30) + f/s?
7
Let w(o) = 17*o - 1. Let q be w(-1). Suppose 11*d - 145 = 6*d. Let g = d + q. What is the tens digit of g?
1
Let m = 2 + -4. What is the units digit of ((-6)/(-3) - -2) + 89 + m?
1
Let d(w) = w**2 - 5*w - 10. Let c be d(7). Suppose c*y - 15 = -y. Suppose -4*p + 20 = -y*o - o, -2*o = -2. What is the units digit of p?
6
Suppose 0 = -5*y + 104 + 151. Suppose y = -2*u + f - 4*f, -3*u = 5*f + 78. Let o = 45 + u. What is the tens digit of o?
2
Let f = 119 - 54. Let a(b) = -b**3 - 29*b**2 - 31*b - 112. Let v be a(-28). Let y = f + v. What is the units digit of y?
7
Let r(g) = 129*g**2 - 1. Suppose -19*i + 10*i = 9. What is the units digit of r(i)?
8
Let i be 165/33 - 1*(-1 - -2). Suppose 2*s = 4*s - i, -18 = -u - 3*s. What is the units digit of u?
2
Let p(t) = 25*t - 1. Let a be p(1). Let g(w) = 3*w**2 - 2*w - 1. Let f be g(-1). Suppose f*x = x + a. What is the units digit of x?
8
Let o = 1068 + -1497. Let l = o - -619. What is the units digit of l?
0
Let h(u) be the first derivative of -u**4/4 + u**3 + 3*u**2/2 + 3*u - 4. Let x be h(3). Let o = -3 + x. What is the units digit of o?
9
Let a(v) = 58*v - 36. What is the hundreds digit of a(5)?
2
Suppose 2*o - 51 - 119 = 0. Suppose -3*i - o + 7 = 2*w, -3*i = w + 42. What is the tens digit of (w/10)/(12/(-80))?
2
Let y(z) = z**3 - 2*z**2 - 4. Let d be y(3). Suppose d*f + 4*x + 196 = 0, -4*f - f = -2*x + 202. What is the units digit of ((-48)/10)/(12/f)?
6
Suppose 10*d - 70 = 12*d. What is the tens digit of 10/d + 760/14?
5
Suppose -12 = -t - 3. Suppose -4*h - 54 + t = -5*l, 5*h = l - 9. Suppose 4*q + 4*v - 19 - l = 0, 0 = -2*q - 3*v + 12. What is the units digit of q?
9
Let k be (4/5)/((-18)/(-45)). Let b be 72/(-27)*3/k. What is the units digit of (-1 + (-27)/6)*b?
2
Let t(b) = 8*b - 8. Suppose 20 - 4 = k. Suppose 6*r = 2*r + k. What is the units digit of t(r)?
4
Let n = 3921 - 2012. What is the thousands digit of n?
1
Let r = -1 + 6. Suppose 5*w - 5*g - 829 + 304 = 0, -99 = -w - r*g. What is the units digit of w?
4
Suppose 3*o = -0*o - 6. Let n be (o/(-5))/((-1)/(-5)). Suppose -2*q + 3*w = -130, 104 + 148 = 4*q - n*w. What is the units digit of q?
2
Let n(d) = -13*d - 19. Let s be n(-12). Let b = s - 68. What is the tens digit of b?
6
Suppose -2*c + 2*u + 418 = 0, -5*c + 1015 = 3*u + 2*u. What is the tens digit of 32/112 + c/14?
1
Suppose -r = -5*g + 3*r + 2, -5*r + 12 = g. What is the tens digit of 120/(g/1) - (-6)/(-2)?
5
Let v be (2 - 1)*0/(-1). Suppose v = -0*a - a + 51. What is the tens digit of a?
5
Suppose 5*f - 3*v + 2*v - 18 = 0, 3*f - 6 = 3*v. Suppose -186 = -3*u - 3*a, 4*u - f*a - 211 = 61. What is the tens digit of u?
6
Let w = 151 - -306. What is the tens digit of w?
5
Let y be 2/(-5) + (-66)/(-15). Suppose 14 = -r + y*w, w + 4*w = 5*r + 25. What is the units digit of r + 32*1 + 2?
2
Suppose 3*a + 11 = -2*r, 0*r + 3*r + 8 = 4*a. Suppose -4*z + 10 = -6*j + 5*j, 0 = 4*z + j - 14. What is the tens digit of (-15)/z - a - -49?
4
Suppose k + 4691 = 2*t, -4*t = 13*k - 11*k - 9394. What is the thousands digit of t?
2
Suppose -k = 0, 0*s = -2*s - k + 8. Suppose s*o - 480 = -o - 5*z, -2*z + 492 = 5*o. What is the tens digit of o?
0
What is the hundreds digit of 7*(-7731)/(-126) - 10/(-4)?
4
Suppose 4*p - 3*k - 4176 = 0, -5*p = -6*p + 3*k + 1035. What is the units digit of p?
7
Let q(s) = -s**2 - 9*s - 8. Let f be q(-8). Suppose f = 4*i + 99 + 77. Let k = -27 - i. What is the units digit of k?
7
Suppose 9*f + 8 = 26. Suppose -3*o - 10 = -f*o. What is the units digit of 8/o + 870/25?
4
Let o(x) = 20*x + 2. Let h(b) = -b + 4. Suppose -3*l = -1 - 8. Let s be h(l). What is the units digit of o(s)?
2
Suppose -2*q - 20 = -6*q. Suppose -3*a + 4*z = -136, 2*z - q - 5 = 0. What is the units digit of a?
2
What is the units digit of (-12)/21 - (-11671)/77?
1
Suppose -2*s + 2 = 70. Let c = -16 - s. Let g = -3 + c. What is the tens digit of g?
1
Suppose -46 + 6 = -5*z. Suppose -2*x = -z + 2. What is the tens digit of -3*(-4 - 9/x)?
2
Suppose -4*d + 5*g = -64, g = d - 4*d + 67. Suppose -d = 3*y - 0*y. What is the units digit of (-172)/y - (-9)/21?
5
Let u(z) = 13*z**2 - 9*z + 3. What is the hundreds digit of u(-12)?
9
Let g = 886 + -822. Suppose 0 = -2*z - 3*n + 16, -n + 20 = 4*z - 12. Suppose g = 4*x + z. What is the tens digit of x?
1
Let p(r) = r**3 - 2*r**2 - 8*r - 9. Let v be p(8). Suppose 2*o + 2*o - 216 = -5*a, 4*a = 5*o - v. What is the units digit of o + 2 + -1 - -3?
3
Let t be (1/(-2))/((-2)/16). Let c be 2 - 2 - 0 - -4. Suppose 30 = b + 2*a, -c*b + 108 = b - t*a. What is the units digit of b?
4
Let c be (-40)/(-70)*7/2. Suppose 5*g - 272 + 7 = 0. Suppose 3*q - 4*o = g, 0*q + c*o + 43 = 3*q. What is the units digit of q?
1
Suppose -4*c + 45 = 2*x + c, 25 = -5*c. Let t = 78 - x. What is the tens digit of t?
4
Let n = -31 + 30. What is the units digit of -1*(-17 - (0 + n))?
6
Suppose 0 = 6*i + 2 - 50. Suppose r = -0*r. Suppose r = -i*m + 7*m + 1. What is the units digit of m?
1
Let y(l) = -l**3 + l**2 + l + 6. Let u be y(0). Suppose -p + 2*c = -241, -u*p + 4*p + 497 = c. What is the units digit of p?
7
Let n be 1/2*(-7 - 3). Let c(s) = -2*s**2 + 11*s - 20. Let x be c(5). What is the tens digit of x/n - (0 + -33)?
3
Let n(m) = -m**3 - 3*m**2 + m + 7. Let u be n(-3). Suppose 0 = q, -4 = -u*s - 0*q - 4*q. What is the units digit of s?
1
Let x be -440*(-3 + 4/20*13). What is the hundreds digit of x - 3 - (1 - (-3 + 0))?
1
Suppose 2*f - r - 4 = 0, 0 = 4*f + 3*r - 8*r - 2. Suppose 0 = -5*b + 2*z - z + 458, -b - f*z = -82. What is the units digit of b?
1
Let y(o) = o**2 + 5*o - 7. Let t = -46 - -50. What is the tens digit of y(t)?
2
Let c = -1 - 1. What is the tens digit of (2 + -1)/(c/(-38))?
1
Suppose -8*d = -119 - 953. What is the tens digit of (d/(-2) + 1)/(-1)?
6
Let x be -1*(-11 + 2 + -3). Let a = -7 + x. Suppose -3*k - 97 = -4*w, 2*w + a*k - 24 - 31 = 0. What is the units digit of w?
5
Let c be 11/(-22)*(1 - 1). Let n be 3/(-3 + c + 4). Suppose -n = -6*g + 3. What is the units digit of g?
1
Suppose 20*i = -12560 + 43900. What is the hundreds digit of i?
5
Let n(m) = -65*m**3 - 26*m**2 - 3*m - 2. What is the tens digit of n(-3)?
2
Let c(t) be the second derivative of 7*t**3/3 + 13*t**2/2 + 5*t. What is the tens digit of c(7)?
1
Let h be 7/28 + (-47)/(-4). Suppose -h*z + 606 = -6*z. What is the tens digit of z?
0
Let x(g) = -g**3 + 44*g**2 - 30*g - 298. What is the units digit of x(43)?
1
Let g(z) = -z**3 + 5*z**2 + 7*z + 13. Let y be g(6). Suppose -y*o = -22*o + 174. What is the tens digit of o?
5
Let n(f) = 3*f**2 - f - 23. Let x(j) = -j**2 + 1. Let i(u) = -n(u) - 2*x(u). Suppose 0*o = -5*o. What is the tens digit of i(o)?
2
Let w = 4092 + -2189. What is the thousands digit of w?
1
Suppose -13*i + 8*i - 5450 = -4*h, -5*i - 1370 = -h. What is the thousands digit of h?
1
Let f be ((-22)/33)/((-1)/(-9)). Let l be f/15 + 546/(-10). Let i = l + 98. What is the units digit of i?
3
Let j(w) = -186*w - 96. What is the hundreds digit of j(-3)?
4
Let w = 52 - 13. Suppose 8*t + 41 = -w. Let g = t + 37. What is the units digit of g?
7
Suppose 3 - 15 = -4*g, 4*a = -3*g + 17. Suppose w - 1 = a*w. What is the units digit of (w - -2 - 2) + 2?
1
Let m be 2*(1 - 3/(-6)). Suppose m*g - 229 = 281. What is the hundreds digit of g?
1
Let p(f) = f - 2 - 2*f + 1. Let b = -68 + 63. What is the units digit of p(b)?
4
Suppose -13*r + 13365 - 1340 = 0. What is the tens digit of r?
2
What is the units digit of (80/(-30))/((-1)/150)?
0
Suppose -6*g - 4623 = -4*k - 9*g, -3*g + 1158 = k. What is the thousands digit of k?
1
Let q(t) = -3 + 0*t + t + t**2 - 6*t. Let g be 21*(-1)/9*(-39)/13. What is the units digit of q(g)?
1
Suppose -4*t + 26 = 3*z + 8, -5*z - 5*t = -25. Suppose -1326 = -4*y - z*y. Let a = -152 + y. What is the units digit of a?
9
Suppose 0 = 42*o - 125527 - 30671. What is the tens digit of o?
1
Suppose h = 4*y - 0*y - 1664, 4*h = y - 431. Suppose 3*d - 125 = y. What is the units digit of d?
0
Let z be -2 - (30/2)/(-3). Suppose -z*h + 51 - 18 = 0. Let b = 31 - h. What is the tens digit of b?
2
Suppose 5*m - 300 = -25. Let b = m - -18. What is the tens digit of b?
7
Let o = -270 + 174. Let g = 52 - 10